)
-4
What is the value of -1 + 2 + (1 + -4 - -1)?
-1
Calculate 3 - (10 - (17 + -10)).
0
What is the value of (-2 - (-1 + 2)) + -1?
-4
What is the value of (3 - 5 - (0 - 4)) + 1?
3
What is 9 + -1 - (-76 - -78)?
6
0 - (0 + 4 + (1 - 11))
6
What is the value of -30 - -29 - (0 + (-1 - 0))?
0
Evaluate -6 + 13 - (13 - 4).
-2
Evaluate 8 - (-3 - (-2 - 7)).
2
What is 5 + 5 - (2 - -6)?
2
Evaluate -13 + (-6 - -11) + 3.
-5
What is 1 + (-1 - -2) - 5?
-3
Calculate (-2 + -2 - (-13 + 4)) + 1.
6
Calculate 3 + (-8 - -10 - (-1 + 3)).
3
Calculate 13 + (6 + -9 - 5).
5
What is (2 - (11 + 6)) + 5 + 4?
-6
What is 9 + 11 + -22 + 6?
4
-1 - (0 + -12 + 3)
8
What is (-2 + 8 - (9 + -9)) + -10?
-4
-5 - (2 - 4 - -2)
-5
Calculate 1 - (-16 + 7) - 6.
4
Evaluate 3 + (-10 - (-7 - -6)).
-6
Calculate 1 + -6 - -1 - 0.
-4
Evaluate (2 - -1) + 6 + -3 + -7.
-1
(-3 - (-4 + 5)) + -1
-5
Calculate (-3 - 1) + (10 - 7).
-1
What is the value of -1 + -4 - -1 - (-17 + 18)?
-5
What is the value of 4 + -4 - -8 - 4?
4
Calculate 3 - (1 + 1 + 1).
0
What is (8 - (3 + 3)) + -2?
0
What is -3 - 2 - (-19 + 3 + 5)?
6
Calculate -4 + (6 - (-8 + 4)) + -2.
4
What is the value of -3 + 3 + (5 - 4) + 0?
1
Evaluate 8 + (7 - 15) - (5 + -1).
-4
What is the value of 1 - (2 + -5 - (-2 + -6))?
-4
Evaluate 5 - 2 - (0 + 3).
0
-2 - ((4 - 6) + 2)
-2
4 + -5 + (2 - 0)
1
What is the value of -4 + (2 - 0) + 10?
8
Calculate 1 + 4 + 8 + -9.
4
6 - (-7 + 5 - -7)
1
(-1 - 7) + 8 + 9
9
Calculate -2 + (-1 - 0) - (-4 + 3).
-2
Evaluate (0 - 4) + -5 + 6 + 4.
1
What is the value of -5 + 2 - 3 - -1?
-5
What is the value of (-2 - (-18 - -16)) + (-1 - 1)?
-2
What is the value of (-29 - -29) + -2 + 5 + -1?
2
What is (6 - 0) + 2 + -13?
-5
2 + (-2 - (-2 + 2)) + -5
-5
Evaluate (-10 - -13) + 0 + -2.
1
Evaluate (-19 - -8 - -8) + 5 - 10.
-8
What is (1 + 0 - 3) + 4 + -4?
-2
What is -3 - -3 - (-3 - -4)?
-1
Calculate 2 + 6 - (-10 - -10).
8
Evaluate (5 - (4 + 8)) + 5.
-2
(15 - 6) + (17 - 26)
0
What is 5 + (5 - -9) + -11?
8
What is the value of (1 - (0 + 0)) + (-4 - -2)?
-1
Calculate -1 + 0 - (-61 - -57).
3
Evaluate (1 - -7 - 0) + 102 + -105.
5
What is the value of 2 + ((0 - -4) + -3 - -1)?
4
Evaluate -8 + 16 - (8 + -1).
1
Evaluate -11 - (6 - -4 - 12).
-9
What is (-2 - -1) + (5 - 10) + 14?
8
What is the value of 3 - (-3 + (0 - 0) - -1)?
5
-3 + (4 + -8 - -4)
-3
Evaluate -3 - (-1 + (-1 - -1)).
-2
What is -181 + 193 + (0 - 9)?
3
Evaluate -2 - (1 - 5) - (3 + 1).
-2
Calculate 17 + -13 + 3 + 0.
7
Calculate 10 - 10 - (-6 - -10).
-4
What is the value of (-4 - (0 - 10)) + -3?
3
2 + -2 - (-6 + 11) - -8
3
What is the value of 16 + -12 + (1 - (-3 + 4))?
4
Evaluate -3 + (4 - (1 + -1 + 1)).
0
What is -11 + (6 - -8) - -2?
5
Evaluate 5 - (3 - (2 - -1)) - -1.
6
-6 + -2 + -5 + 13
0
Calculate -5 - (-19 + 6 + 5).
3
What is -4 - (-9 - 6) - 18?
-7
Evaluate -8 - (-52 + 44 + (1 - -5)).
-6
What is the value of 7 + -4 - (3 + 0)?
0
What is the value of -3 - (-1 - (0 - -1) - -1)?
-2
Calculate 5 + -5 - 0 - 4.
-4
What is the value of -1 + 11 + -12 + 8?
6
Calculate 1 + 3 + 14 + -25 + 12.
5
What is the value of 5 - (2 - (-3 + (3 - 1)))?
2
Evaluate 1 - (0 - (1 - -2) - -6).
-2
What is (-8 + 4 - -1) + 0 + 2?
-1
Calculate 3 + (-1 + -3 - -2) + 1.
2
Calculate -1 - (1 + (-2 - 7) + 4).
3
-4 - (2 + (-3 - -2) - 4)
-1
Calculate -38 + 31 - (-3 - 0).
-4
What is the value of (-2 - -4) + -2 - 0?
0
2 - (22 + -6 - 7)
-7
Evaluate 0 - ((3 - -4) + -9).
2
What is the value of 1 + 4 + -5 - (-4 - 1)?
5
Evaluate -3 - (2 + -3) - -2.
0
Calculate 55 + -49 + (-1 - 0 - 10).
-5
What is 37 + -32 - (-1 - -9)?
-3
-3 - -1 - -1 - 3
-4
What is -159 - -158 - (1 + -2 - 1)?
1
What is the value of -5 + -2 + (1 - 2) + 5?
-3
What is -3 - (0 + 2) - (15 - 11)?
-9
-6 + -6 + 19 + -7
0
What is -6 - (0 + 1 + -13 - -7)?
-1
-2 + (-3 - (-1 + 2 + -4))
-2
Calculate (1 - 4) + (2 + 1 - 4).
-4
What is the value of -5 - -2 - 2 - -5?
0
Evaluate 6 + (-7 - 0) + -2.
-3
What is the value of (-8 - -3) + 9 + 1?
5
What is the value of 1 - (7 - (6 - 2 - 1))?
-3
Evaluate 11 + (5 - 8) + -6.
2
1 - (-1 + 5 + (0 - 3))
0
(26 + -9 - 11) + -3
3
What is (-1 - (1 + 2 + -2)) + 0?
-2
What is the value of -2 - (-3 - -8 - 3)?
-4
1 - (0 + 2) - (4 - 10)
5
Evaluate 2 + -1 + (-9 - -6) - -2.
0
What is 26 - 22 - (2 + 7 - 2)?
-3
Evaluate 7 + (2 - ((-1 - 0) + 6)).
4
What is -4 - ((7 + -3 - 1) + -2)?
-5
What is (-4 - -19) + -11 + -15?
-11
Evaluate -9 - ((0 - -7) + -12).
-4
What is (-1 - -2 - (-9 + 8)) + 0?
2
Calculate 0 + (-5 + 11 + 1 - 3).
4
What is 2 + (-3 - -3) - (14 + -18)?
6
Evaluate 2 + 6 + -6 + -1.
1
Calculate 2 - (4 - (6 + -2)).
2
Evaluate -5 - (8 + -1) - -8.
-4
What is the value of 6 - (-7 - (-15 + -2))?
-4
What is -4 - (-2 - -7 - 4)?
-5
What is -3 + 5 + 2 + 0 + -1?
3
-1 - (-5 + (3 - (0 - -4)))
5
(7 + -5 - (2 + 1)) + 2
1
What is the value of (-1 - 3) + (-3 - (2 - 6))?
-3
What is the value of 0 + 5 + -8 + (-2 - -1)?
-4
What is (-9 - -3) + (3 - 1)?
-4
What is 17 - 16 - (1 + -3)?
3
Evaluate 3 - (4 - 0 - (-2 - -3)).
0
What is the value of 8 - (2 + 6 + 3)?
-3
What is -4 - -10 - 4 - -1?
3
Evaluate 1 + (-4 + 3 - (3 - 1)).
-2
Evaluate 0 - 1 - (-4 + -5 + 2).
6
What is the value of -2 + -8 + -7 + 10?
-7
What is the value of (0 - (-1 + 5)) + -5 + 11?
2
Calculate (-29 - -30) + (-6 - 0).
-5
What is -1 + -1 + -6 + 9 + -2?
-1
Calculate -13 + 4 - -4 - 3.
-8
(4 - (0 + -4)) + -2
6
(3 - 2) + -7 + 2
-4
(13 - (-14 - -14)) + -9
4
Evaluate (4 - 2) + -7 + (3 - -10).
8
What is the value of -5 + (0 + -3 - (-26 - -24))?
-6
What is (-1 - 1) + 7 + -7 + 3?
1
What is 3 + (-7 - -1) - -3?
0
What is 2 + (0 + 1 - 1)?
2
Calculate -4 + -8 - -8 - (-6 + -1).
3
Evaluate -1 + -2 - (-5 - -10 - 7).
-1
(3 - (-9 + 10)) + 2 + 0
4
What is 0 + -10 + 3 - -3?
-4
What is 3 + -6 + -5 + 9?
1
What is -3 - ((-9 - -5) + 3)?
-2
Evaluate 2 - (-8 + 7 + 1).
2
Calculate 6 + -9 + (-2 + -3 - 2).
-10
Calculate 3 - ((-2 - -1) + (14 - 11)).
1
What is (-1 - 3) + 3 - -3?
2
Evaluate 2 + -1 + (55 - 55).
1
Evaluate 23 + -21 + (-1 - 3).
-2
Evaluate 3 + -3 + -2 - -5.
3
(1 - (3 + -1 - 0)) + -1
-2
Evaluate -3 + 1 + (-11 - -7) + 8.
2
Evaluate (9 - (10 - 3)) + 0 + -4.
-2
Calculate 10 + (-5 - -2) + -3 + 1.
5
-2 + -1 - (-13 + 21 - 8)
-3
Evaluate (0 - -2) + (18 - 16).
4
2 - (-3 - (5 - 13))
-3
-1 - (7 - 5 - 5)
2
What is the value of 7 + -5 - 2 - -5?
5
Calculate -15 + (-3 - -10) + 9.
1
Calculate 5 - (6 + -2) - 2 - 6.
-7
Calculate (-6 - -2) + 13 + -4.
5
3 + -5 + (-1 - -3) + -5
-5
What is the value of -7 + (7 + -6 - 0) - 2?
-8
-12 - ((-9 - 3) + 1)
-1
Evaluate (6 + -4 - 1) + -3 + 3.
1
What is the value of (-1 - 8) + (-81 - -85)?
-5
Calculate -1 + -11 - -5 - -10.
3
What is 12 + -3 - (-1 + (9 - 9))?
10
Evaluate 0 + (-7 - -3) - -5.
1
What is the value of 0 - -1 - (-4 - -11) - -1?
-5
What is the value of 4 + -5 + (-3 - 1)?
-5
What is the value of 3 + 4 + -9 + 4?
2
Calculate 2 - 3 - (-1 + -3).
3
Evaluate 2 + -2 + 0 - (-1 + -3).
4
What is the value of 1 + -3 + (1 - 6)?
-7
Calculate -10 - (-3 - 1) - (2 - 8).
0
Calculate 1 - ((4 - 7) + 11 + -3).
-4
Evaluate (2 - -5) + (-4 - 15) + 7.
-5
Calculate -10 + 4 + -2 + 4 + 0.
-4
3 + -2 + 3 + -4 + 0
0
Calculate 5 + -9 + 2 - (-7 - -2).
3
Evaluate -2 + -1 + -75 + 82.
4
What is -6 + (-8 - -12) + -4 + -1?
-7
What is 11 + (-8 - -5) + -5?
3
What is the value of -10 + 14 - 12 - -2?
-6
What is the value of (1 - 1) + -8 + (10 - -1)?
3
What is 4 + (3 - 3) - 4?
0
What is 4 - (4 + -8 + 13)?
-5
8 - 2 - (-7 - (-6 - 4))
3
-10 - (-4 - 0) - (1 + 1)
-8
Calculate (48 - 39) + 1 + -10.
0
3 - (8 - 3) - 2
-4
Evaluate -1 - (1 - -1) - (19 - 25).
3
Calculate (3 - 2) + -6 + -2 + 5.
-2
What is the value of (1 - -2) + 0 + 6 + -4?
5
9 + (-2 + 0 + 3 - 6)
4
What is (-18 - (-5 + -8)) + 9 + 1?
5
Calculate -8 - (1 - (9 + 1)).
1
Evaluate -1 + (0 + (4 - 2) - 2).
-1
What is -2 + 5 - (0 + 0 - 0)?
3
What is -7 + 12 - (1 - -3)?
1
9 + 2 + -6 + 0
5
65 + -67 + 1 + -6
-7
(1 - (-3 - -4)) + 3
3
Evaluate 1 - -3 - 0 - 1 - 6.
-3
(-2 - (-1 + 0)) + (-6 - -4)
-3
Calculate (-4 - ((-11 - 1) + 4)) + 1.
5
-2 + -1 - -3 - (-3 - -7)
-4
(1 - 3) + -2 + 0 + -1
-5
What is 4 + -5 + 8 + 0?
7
Evaluate -11 - (8 + -7 + -7).
-5
Evaluate 8 + (5 - -2) + -10.
5
6 + 8 + -22 - -14
6
What is the value of 7 + -12 + (1 - -1) - -1?
-2
Calculate 9 - 7 - (-4 - -2).
4
What is -1 - 0 - (3 + 0) - -1?
-3
Evaluate -3 - (-1 + 3) - (-29 + 30).
-6
Calculate 1 - 1 - -4 - (13 - 14).
5
Calculate 2 - 